w).
-6
Let g(y) = 4*y - 26. Let k = -2156 - -2166. What is g(k)?
14
Let q(r) be the first derivative of r**5/120 - 11*r**3/3 + 5. Let u(a) be the third derivative of q(a). Calculate u(-1).
-1
Let n be (3/4)/((-3)/(-8)). Suppose n*j - 3 = 3. Let v(h) = -h. Give v(j).
-3
Let p(x) = x**3 + x + 3. Suppose -50 = 167*t - 142*t. What is p(t)?
-7
Suppose 65*b = 2*k + 70*b + 46, -k + 5*b = -7. Let a(q) = -q**2 - 10*q + 27. Determine a(k).
-12
Let w be 2 + (-7)/3*(3 + 0). Let h(m) = 10*m - 25. Let i(s) = -7*s + 17. Let o(v) = w*h(v) - 7*i(v). Determine o(7).
-1
Let o(a) = -a**3 + a**2 - 4. Suppose -2*j - 2*j + 36 = -2*d, 0 = -j - 5*d + 20. Let f be (-7)/(-35) - 2/j. Determine o(f).
-4
Let y(k) = -k**3 - 2*k**2 - 3*k + 3. Let f(i) = -i**2 - 1. Suppose -2*u - 5 = -7*u. Let x(n) = u*y(n) + 5*f(n). Calculate x(-6).
-20
Let l(g) = g**3 + 4*g**2 - 6*g - 2. Let p be l(-4). Let m(q) = -8 + p - q - 13 - 6. Determine m(-7).
2
Let p(y) = -9*y + 13*y - 1132 + 1137 - y**2. Let c be (-1 + 0)/(1/(-5)). Determine p(c).
0
Let t(r) be the third derivative of -r**4/12 + 3*r**3/2 - 14*r**2. Suppose 16 = 2*a - 32. Suppose -7*q + a = -3*q. Determine t(q).
-3
Let v(z) = 4*z**3 + 4*z**2 - 3*z. Let q(m) = -2*m**3 - 2*m**2 + 2*m. Let o(u) = -5*q(u) - 3*v(u). Determine o(-2).
10
Let y(p) = -p**2 - 2*p + 46. Let l be y(5). Let b(v) = -2*v**2 + 23*v + 17. Let g(d) = -d**2 + 12*d + 9. Let t(h) = l*g(h) - 6*b(h). What is t(6)?
-3
Let f(k) = 3 - 13*k**2 + 65*k + 200*k - 263*k. Calculate f(-1).
-12
Let q(l) = 6*l**2 - l**2 + 4 - l**2 + 8 - 5*l**2 - 4*l. Calculate q(-7).
-9
Let f be -5*((-2)/10 + 0/5). Let w(n) = -7*n**3 + 2*n**2 + 5*n + 2. Let x(y) = 15*y**3 - 5*y**2 - 11*y - 5. Let h(s) = -7*w(s) - 3*x(s). What is h(f)?
4
Let p(n) = 9*n + 1. Let c(y) = 4*y + 1. Suppose g - 10 = -4*g. Let x(s) = g*p(s) - 5*c(s). Let z = 16 - 19. Give x(z).
3
Let u(g) = 2*g**2 - 5*g - 2. Suppose j = -3*v + 5*j + 28, 5*j + 16 = -v. Let q = -5 + 17. Suppose -q = -a - v*p, 2*p + 14 = 5*a - p. What is u(a)?
10
Let b(x) = 9*x**3 - x. Let n be (-23)/(-5) + 6/(-10). Suppose -3 = -n*t + 9. Suppose -2*p - t*p + 2 = 3*d, 4*d + 5*p = 1. Give b(d).
-8
Let s be 1 + (3/1 - 1). Let v(l) = 5*l**3 - 5*l**2 + 15. Let d(r) = 8 + 3*r**3 - 2*r**2 - 4*r**2 + 3*r**2 + 0*r**2. Let q(k) = 7*d(k) - 4*v(k). What is q(s)?
14
Let a(u) = -4*u**3 + u**2 - 11*u + 8. Let v(l) = 7*l**3 - 3*l**2 + 19*l - 15. Let j(x) = 5*a(x) + 3*v(x). Calculate j(4).
3
Suppose k - 1 = -0*g + g, -3*g + k = -3. Let i(t) = -2*t**3 + t + 7*t**3 + 1 + 0*t + t**g + 0*t**2. Let w be i(-1). Let s(h) = 3*h + 5. Give s(w).
-7
Let k(c) = -c**3 + 12*c**2 - 11*c + 14. Let s = -2228 - -2239. Calculate k(s).
14
Suppose 4*y = 5*x - 16, -x = 205*y - 200*y + 20. Let p(q) = 11 - 6*q + 5*q + 2*q. Determine p(x).
11
Let l(q) be the third derivative of q**6/120 + q**5/10 - q**4/3 - q**3/2 - 2*q**2 - 21. Determine l(-7).
4
Let b be 0/(1*(2 - 1)). Let g(l) = -25*l - 14 - 42*l + 68*l. What is g(b)?
-14
Let z(o) = -o**2 + o. Let l(x) = -x**3 + 7*x**2 + 9*x - 4. Let k be l(8). Suppose -5*d - 4*y - y - 15 = 0, k*d - y = 13. Determine z(d).
-2
Let a(q) be the first derivative of -5*q**2/2 + 5*q - 117. Calculate a(3).
-10
Let h(o) = -o**3 - 6*o**2 - 3*o + 3. Let d be -1*10*(-72)/40. Let b = 13 - d. Give h(b).
-7
Let f(x) = 3102 - 3*x + 3*x - 3101 + 11*x**2. Calculate f(-1).
12
Let t = -93 - -80. Let h(o) = o**2 + 8*o + 3. Let s(a) = 2*a**2 + 16*a + 5. Let i(d) = t*h(d) + 6*s(d). Give i(-6).
3
Let o(p) = -1. Let n(y) = y**2 - 5*y + 1. Let h(d) = n(d) + 3*o(d). What is h(4)?
-6
Suppose 0 = -12*k + 326 - 1574. Let g = 98 + k. Let x(c) be the second derivative of -c**4/12 - c**3 - c**2/2 + c. What is x(g)?
-1
Let v be (-20)/110 - (-26)/22. Let l(m) = m - 2. Let q be l(v). Let a(f) = 2*f + 2 + f - 1. Give a(q).
-2
Let n(p) = p**3 - 6*p**2 + 4*p - 17. Let l be n(6). Let v(f) = f**3 - 6*f**2 - 4*f - 13. Determine v(l).
8
Let g(r) = 18*r - 10. Let f(s) = -54*s + 28. Let x(i) = -4*f(i) - 11*g(i). Calculate x(2).
34
Let f be (3 - -1)/((-4)/(-6) - 0). Let m(k) = 3 - 9 + 11 + k**2 - 8*k. What is m(f)?
-7
Suppose 2*h + 3 = h. Let f(d) = 2 - 99*d + 194*d - 97*d + 1. Calculate f(h).
9
Let t = 405 + -400. Let o(x) = x**2 - 8*x + 17. Give o(t).
2
Let g(s) = 20*s - 3*s - 7*s - 10*s - 3*s + 4*s**2 - 1. Calculate g(-3).
44
Let j(t) be the third derivative of -t**6/120 - 7*t**5/60 + 3*t**4/8 + 11*t**3/6 - 79*t**2 - 2*t. Give j(-8).
3
Suppose -4*d = -0*d - 4*t - 8, 0 = t + 5. Let q(z) = 1 + z + 4*z - 2*z. Let u(n) = -n. Let y(s) = 3*q(s) + 5*u(s). Determine y(d).
-9
Let c(a) be the third derivative of a**6/120 + a**5/10 - 7*a**4/24 - a**3/2 + 71*a**2. Calculate c(-7).
-3
Let d = 8 + -6. Let z(j) = 1 - 6 + 9*j - 2*j**3 - 8*j**d + j**3. Let p be z(-9). Let m(s) = s**2 + 5*s - 1. Give m(p).
-1
Let r(g) = -16*g**3 - g**2 + 6. Let w(q) = 18*q**3 + q**2 - 7. Let c(y) = -6*r(y) - 5*w(y). Let z = 8 + -11. Let s be (2/z)/(2/3). Calculate c(s).
-6
Let c(o) = o**3 + 6*o**2 - o - 7. Let v = -20 - -28. Suppose v*t = 6*t - 12. Give c(t).
-1
Suppose r - 5 + 2 = 4*q, 5*q + 5 = r. Let y(b) = -8*b**2 - 3*b - 2. Calculate y(q).
-28
Let t = -7 + 3. Let y be 0/(1 + t - -4). Let b(w) = w + 11. Calculate b(y).
11
Let b(l) = -5*l**2 - 3*l - 2. Let w be 50/75*(-3 + (-6)/4). Give b(w).
-38
Let i(j) = j**3 + 6*j**2 + 5*j - 5. Suppose 0 = 2*b - 1 + 11. Calculate i(b).
-5
Let v(f) be the second derivative of -f**4/24 - 2*f**3/3 - 15*f**2/2 + f. Let l(t) be the first derivative of v(t). Calculate l(-4).
0
Let f(j) be the third derivative of j**6/120 + j**5/12 - 5*j**4/24 - j**3/6 - j**2. Let s be 140/(-24) + (7 - (-172)/(-24)). Calculate f(s).
-7
Suppose 4*t = -u + 61, -5*t + 4 = -4*t + 4*u. Suppose 7*q = 3*q - t. Let y(m) = m**2 + 6*m + 5. What is y(q)?
-3
Suppose -5*c - 405 = -5*x, c - 2*c - 166 = -2*x. Suppose 0 = -0*q - 5*q - x. Let h = -11 - q. Let z(k) = k - 5. Determine z(h).
1
Let o(n) be the second derivative of -n**3/3 + 3*n**2/2 - n - 15. Give o(-5).
13
Let d(u) = 1 + 5*u - u**3 + 18*u + 8*u**2 + 12 - 31*u. Calculate d(7).
6
Let j = -1907 + 1908. Let m(w) be the second derivative of w**4/12 + w**3/6 - w**2/2 + w. What is m(j)?
1
Let m(u) = 15*u. Let g = -12 + 18. Let x = g - 5. Determine m(x).
15
Suppose -3*g + 5*g - 10 = -r, -3*r - 5*g = -27. Let q(k) be the third derivative of 0*k + 0 + 1/60*k**5 + 8*k**2 - 1/2*k**3 + 0*k**r. Calculate q(-3).
6
Let b = -3 - -12. Let g(c) = b + 14*c - 15*c - 10. Calculate g(0).
-1
Let k(f) = 2*f**3 + 2*f**2. Let r(l) = -4*l**3 - 4*l**2 - 3*l - 3. Let b(m) = k(m) + r(m). Determine b(-2).
11
Let r(m) = -6 + 10 - 5 + 5*m. Determine r(-1).
-6
Let d(j) be the first derivative of -3*j - 2*j**3 - 3*j**2 + 1/4*j**4 - 33. Determine d(7).
4
Let f be -9*(-9)/162 + (-23)/2. Let v(l) = l**3 + 12*l**2 + 13*l + 24. What is v(f)?
2
Let b(c) = 12*c**3 + 21*c**2 - 23*c + 1. Let a be b(1). Let j(k) = -k**3 + 12*k**2 - 8*k - 23. What is j(a)?
10
Let g be (-52)/8 - 2/(-4). Let o(h) be the third derivative of 0 + 5/24*h**4 + 2*h**2 + 1/60*h**5 - h**3 + 0*h. Calculate o(g).
0
Let y = -11 + 9. Let t(q) be the third derivative of q**5/60 + q**4/24 - q**3/3 + 41*q**2 - 2. What is t(y)?
0
Suppose -2*g + 4*g - 13 = -3*c, 3*c - 46 = -5*g. Let i(x) = -x + 15. Let u be i(g). Suppose -b + u = -3*b. Let y(a) = a + 1. Calculate y(b).
-1
Let v(f) = -f. Suppose -6*g + 61 = 37. Let m(j) = -3*j**2 - 7*j - 2. Let y(i) = g*v(i) - m(i). Give y(-2).
8
Let s(w) = 4*w**3 + w**2 - 6*w + 1. Let a(f) = f**3 - f**2. Let x(k) = -5*a(k) + s(k). Suppose -m - 4*m = 190. Let c = m - -42. Give x(c).
9
Let g(d) = 14*d - 9. Let s(f) = -2*f + 1. Let m(n) = -g(n) - 6*s(n). What is m(4)?
-5
Let o(z) = -3*z**3 + 29*z**2 - 27*z - 27. Let v(p) = -2*p**3 + 19*p**2 - 18*p - 17. Let c(i) = 5*o(i) - 7*v(i). Determine c(11).
6
Let z = 1283 + -1284. Let d(n) be the third derivative of 0*n**5 + 0*n**3 + 0*n + 0*n**4 - 1/60*n**6 + 0 - n**2. Calculate d(z).
2
Let c(o) = -o**3 + 3*o**2 + 11*o - 3. Suppose 67*j = 68*j - 5. What is c(j)?
2
Let l(t) = 2*t**2 - 3 - 4 + 2 + 4*t. Let c(v) = -v + 0 + 0*v - 1. Let m be c(3). What is l(m)?
11
Let w(s) be the third derivative of s**4/24 + s**3/3 - s**2. Suppose 0 = -4*f + 214 - 22. Let j = f + -53. What is w(j)?
-3
Let p(j) = 13*j**3 - 2*j + 1. Suppose 0 = i - 5*u + 9, 2*i - 5*u = -6 - 2. Give p(i).
12
Let r(o) = 